{"id":4084,"date":"2019-06-05T10:05:34","date_gmt":"2019-06-05T08:05:34","guid":{"rendered":"https:\/\/bebypreeminence.com\/en\/?page_id=4084"},"modified":"2023-10-10T11:41:20","modified_gmt":"2023-10-10T09:41:20","slug":"beby-preeminence-brands","status":"publish","type":"page","link":"https:\/\/bebypreeminence.com\/it\/beby-preeminence-brands\/","title":{"rendered":"Marchi di Beby Preeminence"},"content":{"rendered":"<div class=\"grid-container\">\n<div class=\"grid-60 push-20\">\n<h1 style=\"padding: 20px 0; text-align: center;\">BEBY PREEMINENCE<br \/>\n<small>Il marchio sinonimo di qualit\u00e0 e prestigio<\/small><\/h1>\n<\/div>\n<div class=\"grid-80 push-10\"><img decoding=\"async\" loading=\"lazy\" class=\"wp-image-9785 aligncenter\" src=\"https:\/\/bebypreeminence.com\/wp-content\/uploads\/2023\/10\/BEBY-PREEMINENCE_nero_V02.svg\" alt=\"\" width=\"179\" height=\"180\" \/><\/div>\n<div class=\"grid-60 push-20\" style=\"padding: 20px 0; text-align: center;\">\n<h4>Il brand che racchiude l\u2019essenza della storia, tradizione, esperienza e artigianalit\u00e0 nei settori della luce e dell\u2019arredamento, con particolare attenzione a prestigiosi progetti chiavi in mano. <b>60 anni di esperienza<\/b> che si traducono con prodotti di alta qualit\u00e0 realizzati con i materiali pi\u00f9 esclusivi: vetro di Murano, cristalli Swarovski, avorio, ebano, pelle, capitonn\u00e8, ecc. Prodotti interamente personalizzabili e unici poich\u00e9 provenienti dalla lunga esperienza nel mercato come artigiani del lusso che ci ha permesso di realizzare importanti progetti in tutto il mondo.<\/h4>\n<p><img decoding=\"async\" loading=\"lazy\" class=\"aligncenter size-full wp-image-4113\" src=\"https:\/\/bebypreeminence.com\/wp-content\/uploads\/2019\/06\/Beby_italy_1280x740.jpg\" alt=\"\" width=\"1280\" height=\"740\" srcset=\"https:\/\/bebypreeminence.com\/wp-content\/uploads\/2019\/06\/Beby_italy_1280x740.jpg 1280w, https:\/\/bebypreeminence.com\/wp-content\/uploads\/2019\/06\/Beby_italy_1280x740-300x173.jpg 300w, https:\/\/bebypreeminence.com\/wp-content\/uploads\/2019\/06\/Beby_italy_1280x740-768x444.jpg 768w, https:\/\/bebypreeminence.com\/wp-content\/uploads\/2019\/06\/Beby_italy_1280x740-1024x592.jpg 1024w\" sizes=\"(max-width: 1280px) 100vw, 1280px\" \/><\/p>\n<\/div>\n<div class=\"grid-60 push-20\" style=\"padding-bottom: 50px;\"><img decoding=\"async\" loading=\"lazy\" class=\"aligncenter wp-image-9730 size-full\" src=\"https:\/\/bebypreeminence.com\/wp-content\/uploads\/2023\/09\/separatore-logo-new-bebypreeminence-1.png\" alt=\"\" width=\"1080\" height=\"28\" srcset=\"https:\/\/bebypreeminence.com\/wp-content\/uploads\/2023\/09\/separatore-logo-new-bebypreeminence-1.png 1080w, https:\/\/bebypreeminence.com\/wp-content\/uploads\/2023\/09\/separatore-logo-new-bebypreeminence-1-300x8.png 300w, https:\/\/bebypreeminence.com\/wp-content\/uploads\/2023\/09\/separatore-logo-new-bebypreeminence-1-1024x27.png 1024w, https:\/\/bebypreeminence.com\/wp-content\/uploads\/2023\/09\/separatore-logo-new-bebypreeminence-1-768x20.png 768w\" sizes=\"(max-width: 1080px) 100vw, 1080px\" \/><\/div>\n<div class=\"clear\"><\/div>\n<div class=\"grid-60 push-20\">\n<h1 style=\"padding: 20px 0; text-align: center;\">HERITAGE<br \/>\n<small>La linea classica dal 1960<\/small><\/h1>\n<\/div>\n<div class=\"grid-80 push-10\"><\/div>\n<div class=\"grid-60 push-20\" style=\"padding: 20px 0; text-align: center;\">\n<h4>Luce come emozione, sensazione, artificio e metaforica rivelazione. Beby riscrive l\u2019arte di illuminare rendendola opera d\u2019arte. Artigianalit\u00e0 ed innovazione, ricerca e passione costituiscono l\u2019essenza stessa di una realt\u00e0 che \u00e8 divenuta, in tutto il mondo, sinonimo di prestigio e di stile. Un progetto di costante ricerca stilistica che ha portato a prestigiose collaborazioni con il <b>Teatro La Fenice<\/b> ed il <b>Teatro alla Scala<\/b>, per cui Beby ha curato in esclusiva la ricostruzione ed il restauro dei corpi luce.<\/h4>\n<p><img decoding=\"async\" loading=\"lazy\" class=\"aligncenter size-full wp-image-4115\" src=\"https:\/\/bebypreeminence.com\/wp-content\/uploads\/2019\/06\/Since1960_1280x740.jpg\" alt=\"\" width=\"1280\" height=\"740\" srcset=\"https:\/\/bebypreeminence.com\/wp-content\/uploads\/2019\/06\/Since1960_1280x740.jpg 1280w, https:\/\/bebypreeminence.com\/wp-content\/uploads\/2019\/06\/Since1960_1280x740-300x173.jpg 300w, https:\/\/bebypreeminence.com\/wp-content\/uploads\/2019\/06\/Since1960_1280x740-768x444.jpg 768w, https:\/\/bebypreeminence.com\/wp-content\/uploads\/2019\/06\/Since1960_1280x740-1024x592.jpg 1024w\" sizes=\"(max-width: 1280px) 100vw, 1280px\" \/><\/p>\n<\/div>\n<div class=\"grid-60 push-20\" style=\"padding-bottom: 50px;\"><img decoding=\"async\" loading=\"lazy\" class=\"aligncenter wp-image-9730 size-full\" src=\"https:\/\/bebypreeminence.com\/wp-content\/uploads\/2023\/09\/separatore-logo-new-bebypreeminence-1.png\" alt=\"\" width=\"1080\" height=\"28\" srcset=\"https:\/\/bebypreeminence.com\/wp-content\/uploads\/2023\/09\/separatore-logo-new-bebypreeminence-1.png 1080w, https:\/\/bebypreeminence.com\/wp-content\/uploads\/2023\/09\/separatore-logo-new-bebypreeminence-1-300x8.png 300w, https:\/\/bebypreeminence.com\/wp-content\/uploads\/2023\/09\/separatore-logo-new-bebypreeminence-1-1024x27.png 1024w, https:\/\/bebypreeminence.com\/wp-content\/uploads\/2023\/09\/separatore-logo-new-bebypreeminence-1-768x20.png 768w\" sizes=\"(max-width: 1080px) 100vw, 1080px\" \/><\/div>\n<div class=\"clear\"><\/div>\n<div class=\"grid-60 push-20\">\n<h1 style=\"padding: 20px 0; text-align: center;\">BEBY BABY<br \/>\n<small>La linea dedicata al mondo dell&#8217;infanzia<\/small><\/h1>\n<\/div>\n<div class=\"grid-80 push-10\"><img decoding=\"async\" loading=\"lazy\" class=\"aligncenter size-full wp-image-517\" src=\"https:\/\/bebypreeminence.com\/wp-content\/uploads\/2019\/03\/logo_bebybaby_big.png\" alt=\"\" width=\"200\" height=\"200\" srcset=\"https:\/\/bebypreeminence.com\/wp-content\/uploads\/2019\/03\/logo_bebybaby_big.png 400w, https:\/\/bebypreeminence.com\/wp-content\/uploads\/2019\/03\/logo_bebybaby_big-150x150.png 150w, https:\/\/bebypreeminence.com\/wp-content\/uploads\/2019\/03\/logo_bebybaby_big-300x300.png 300w\" sizes=\"(max-width: 200px) 100vw, 200px\" \/><\/div>\n<div class=\"grid-60 push-20\" style=\"padding: 20px 0; text-align: center;\">\n<h4>Un viaggio in un magico mondo fatto di morbide carezze e dolci attenzioni: la nuova collezione Beby Baby regala un ambiente interamente su misura in grado di coccolare e accompagnare nella crescita i piccoli. Piccole inestimabili attenzioni dedicate alla <b>sicurezza del bambino<\/b> come ad esempio i corpi illuminanti pensati con la <b>musica carrillon<\/b>, materiali atossici e ipoallergenici, personaggi dolci e colorati tratti dall\u2019immaginario infantile.<\/h4>\n<p><img decoding=\"async\" loading=\"lazy\" class=\"aligncenter size-full wp-image-4117\" src=\"https:\/\/bebypreeminence.com\/wp-content\/uploads\/2019\/06\/Beby_baby_1280x740.jpg\" alt=\"\" width=\"1280\" height=\"740\" srcset=\"https:\/\/bebypreeminence.com\/wp-content\/uploads\/2019\/06\/Beby_baby_1280x740.jpg 1280w, https:\/\/bebypreeminence.com\/wp-content\/uploads\/2019\/06\/Beby_baby_1280x740-300x173.jpg 300w, https:\/\/bebypreeminence.com\/wp-content\/uploads\/2019\/06\/Beby_baby_1280x740-768x444.jpg 768w, https:\/\/bebypreeminence.com\/wp-content\/uploads\/2019\/06\/Beby_baby_1280x740-1024x592.jpg 1024w\" sizes=\"(max-width: 1280px) 100vw, 1280px\" \/><\/p>\n<\/div>\n<div class=\"grid-60 push-20\" style=\"padding-bottom: 50px;\"><img decoding=\"async\" loading=\"lazy\" class=\"aligncenter wp-image-9730 size-full\" src=\"https:\/\/bebypreeminence.com\/wp-content\/uploads\/2023\/09\/separatore-logo-new-bebypreeminence-1.png\" alt=\"\" width=\"1080\" height=\"28\" srcset=\"https:\/\/bebypreeminence.com\/wp-content\/uploads\/2023\/09\/separatore-logo-new-bebypreeminence-1.png 1080w, https:\/\/bebypreeminence.com\/wp-content\/uploads\/2023\/09\/separatore-logo-new-bebypreeminence-1-300x8.png 300w, https:\/\/bebypreeminence.com\/wp-content\/uploads\/2023\/09\/separatore-logo-new-bebypreeminence-1-1024x27.png 1024w, https:\/\/bebypreeminence.com\/wp-content\/uploads\/2023\/09\/separatore-logo-new-bebypreeminence-1-768x20.png 768w\" sizes=\"(max-width: 1080px) 100vw, 1080px\" \/><\/div>\n<div class=\"clear\"><\/div>\n<\/div>\n","protected":false},"excerpt":{"rendered":"<p>BEBY PREEMINENCE Il marchio sinonimo di qualit\u00e0 e prestigio Il brand che racchiude l\u2019essenza della storia, tradizione, esperienza e artigianalit\u00e0 nei settori della luce e dell\u2019arredamento, con particolare attenzione a prestigiosi progetti chiavi in mano. 60 anni di esperienza che si traducono con prodotti di alta qualit\u00e0 realizzati con i materiali pi\u00f9 esclusivi: vetro di &#8230; <a title=\"Marchi di Beby Preeminence\" class=\"read-more\" href=\"https:\/\/bebypreeminence.com\/it\/beby-preeminence-brands\/\">Read more<\/a><\/p>\n","protected":false},"author":1,"featured_media":0,"parent":0,"menu_order":13,"comment_status":"closed","ping_status":"closed","template":"","meta":{"footnotes":""},"aioseo_notices":[],"_links":{"self":[{"href":"https:\/\/bebypreeminence.com\/it\/wp-json\/wp\/v2\/pages\/4084"}],"collection":[{"href":"https:\/\/bebypreeminence.com\/it\/wp-json\/wp\/v2\/pages"}],"about":[{"href":"https:\/\/bebypreeminence.com\/it\/wp-json\/wp\/v2\/types\/page"}],"author":[{"embeddable":true,"href":"https:\/\/bebypreeminence.com\/it\/wp-json\/wp\/v2\/users\/1"}],"replies":[{"embeddable":true,"href":"https:\/\/bebypreeminence.com\/it\/wp-json\/wp\/v2\/comments?post=4084"}],"version-history":[{"count":7,"href":"https:\/\/bebypreeminence.com\/it\/wp-json\/wp\/v2\/pages\/4084\/revisions"}],"predecessor-version":[{"id":10164,"href":"https:\/\/bebypreeminence.com\/it\/wp-json\/wp\/v2\/pages\/4084\/revisions\/10164"}],"wp:attachment":[{"href":"https:\/\/bebypreeminence.com\/it\/wp-json\/wp\/v2\/media?parent=4084"}],"curies":[{"name":"wp","href":"https:\/\/api.w.org\/{rel}","templated":true}]}}

<div class="grid-container">
<div class="grid-60 push-20">
<h1 style="padding: 20px 0; text-align: center;">BEBY PREEMINENCE<br />
<small>Il marchio sinonimo di qualità e prestigio</small></h1>
</div>
<div class="grid-80 push-10"><img decoding="async" loading="lazy" class="wp-image-9785 aligncenter" src="https://bebypreeminence.com/wp-content/uploads/2023/10/BEBY-PREEMINENCE_nero_V02.svg" alt="" width="179" height="180" /></div>
<div class="grid-60 push-20" style="padding: 20px 0; text-align: center;">
<h4>Il brand che racchiude l’essenza della storia, tradizione, esperienza e artigianalità nei settori della luce e dell’arredamento, con particolare attenzione a prestigiosi progetti chiavi in mano. <b>60 anni di esperienza</b> che si traducono con prodotti di alta qualità realizzati con i materiali più esclusivi: vetro di Murano, cristalli Swarovski, avorio, ebano, pelle, capitonnè, ecc. Prodotti interamente personalizzabili e unici poiché provenienti dalla lunga esperienza nel mercato come artigiani del lusso che ci ha permesso di realizzare importanti progetti in tutto il mondo.</h4>
<p><img decoding="async" loading="lazy" class="aligncenter size-full wp-image-4113" src="https://bebypreeminence.com/wp-content/uploads/2019/06/Beby_italy_1280x740.jpg" alt="" width="1280" height="740" srcset="https://bebypreeminence.com/wp-content/uploads/2019/06/Beby_italy_1280x740.jpg 1280w, https://bebypreeminence.com/wp-content/uploads/2019/06/Beby_italy_1280x740-300x173.jpg 300w, https://bebypreeminence.com/wp-content/uploads/2019/06/Beby_italy_1280x740-768x444.jpg 768w, https://bebypreeminence.com/wp-content/uploads/2019/06/Beby_italy_1280x740-1024x592.jpg 1024w" sizes="(max-width: 1280px) 100vw, 1280px" /></p>
</div>
<div class="grid-60 push-20" style="padding-bottom: 50px;"><img decoding="async" loading="lazy" class="aligncenter wp-image-9730 size-full" src="https://bebypreeminence.com/wp-content/uploads/2023/09/separatore-logo-new-bebypreeminence-1.png" alt="" width="1080" height="28" srcset="https://bebypreeminence.com/wp-content/uploads/2023/09/separatore-logo-new-bebypreeminence-1.png 1080w, https://bebypreeminence.com/wp-content/uploads/2023/09/separatore-logo-new-bebypreeminence-1-300x8.png 300w, https://bebypreeminence.com/wp-content/uploads/2023/09/separatore-logo-new-bebypreeminence-1-1024x27.png 1024w, https://bebypreeminence.com/wp-content/uploads/2023/09/separatore-logo-new-bebypreeminence-1-768x20.png 768w" sizes="(max-width: 1080px) 100vw, 1080px" /></div>
<div class="clear"></div>
<div class="grid-60 push-20">
<h1 style="padding: 20px 0; text-align: center;">HERITAGE<br />
<small>La linea classica dal 1960</small></h1>
</div>
<div class="grid-80 push-10"></div>
<div class="grid-60 push-20" style="padding: 20px 0; text-align: center;">
<h4>Luce come emozione, sensazione, artificio e metaforica rivelazione. Beby riscrive l’arte di illuminare rendendola opera d’arte. Artigianalità ed innovazione, ricerca e passione costituiscono l’essenza stessa di una realtà che è divenuta, in tutto il mondo, sinonimo di prestigio e di stile. Un progetto di costante ricerca stilistica che ha portato a prestigiose collaborazioni con il <b>Teatro La Fenice</b> ed il <b>Teatro alla Scala</b>, per cui Beby ha curato in esclusiva la ricostruzione ed il restauro dei corpi luce.</h4>
<p><img decoding="async" loading="lazy" class="aligncenter size-full wp-image-4115" src="https://bebypreeminence.com/wp-content/uploads/2019/06/Since1960_1280x740.jpg" alt="" width="1280" height="740" srcset="https://bebypreeminence.com/wp-content/uploads/2019/06/Since1960_1280x740.jpg 1280w, https://bebypreeminence.com/wp-content/uploads/2019/06/Since1960_1280x740-300x173.jpg 300w, https://bebypreeminence.com/wp-content/uploads/2019/06/Since1960_1280x740-768x444.jpg 768w, https://bebypreeminence.com/wp-content/uploads/2019/06/Since1960_1280x740-1024x592.jpg 1024w" sizes="(max-width: 1280px) 100vw, 1280px" /></p>
</div>
<div class="grid-60 push-20" style="padding-bottom: 50px;"><img decoding="async" loading="lazy" class="aligncenter wp-image-9730 size-full" src="https://bebypreeminence.com/wp-content/uploads/2023/09/separatore-logo-new-bebypreeminence-1.png" alt="" width="1080" height="28" srcset="https://bebypreeminence.com/wp-content/uploads/2023/09/separatore-logo-new-bebypreeminence-1.png 1080w, https://bebypreeminence.com/wp-content/uploads/2023/09/separatore-logo-new-bebypreeminence-1-300x8.png 300w, https://bebypreeminence.com/wp-content/uploads/2023/09/separatore-logo-new-bebypreeminence-1-1024x27.png 1024w, https://bebypreeminence.com/wp-content/uploads/2023/09/separatore-logo-new-bebypreeminence-1-768x20.png 768w" sizes="(max-width: 1080px) 100vw, 1080px" /></div>
<div class="clear"></div>
<div class="grid-60 push-20">
<h1 style="padding: 20px 0; text-align: center;">BEBY BABY<br />
<small>La linea dedicata al mondo dell&#8217;infanzia</small></h1>
</div>
<div class="grid-80 push-10"><img decoding="async" loading="lazy" class="aligncenter size-full wp-image-517" src="https://bebypreeminence.com/wp-content/uploads/2019/03/logo_bebybaby_big.png" alt="" width="200" height="200" srcset="https://bebypreeminence.com/wp-content/uploads/2019/03/logo_bebybaby_big.png 400w, https://bebypreeminence.com/wp-content/uploads/2019/03/logo_bebybaby_big-150x150.png 150w, https://bebypreeminence.com/wp-content/uploads/2019/03/logo_bebybaby_big-300x300.png 300w" sizes="(max-width: 200px) 100vw, 200px" /></div>
<div class="grid-60 push-20" style="padding: 20px 0; text-align: center;">
<h4>Un viaggio in un magico mondo fatto di morbide carezze e dolci attenzioni: la nuova collezione Beby Baby regala un ambiente interamente su misura in grado di coccolare e accompagnare nella crescita i piccoli. Piccole inestimabili attenzioni dedicate alla <b>sicurezza del bambino</b> come ad esempio i corpi illuminanti pensati con la <b>musica carrillon</b>, materiali atossici e ipoallergenici, personaggi dolci e colorati tratti dall’immaginario infantile.</h4>
<p><img decoding="async" loading="lazy" class="aligncenter size-full wp-image-4117" src="https://bebypreeminence.com/wp-content/uploads/2019/06/Beby_baby_1280x740.jpg" alt="" width="1280" height="740" srcset="https://bebypreeminence.com/wp-content/uploads/2019/06/Beby_baby_1280x740.jpg 1280w, https://bebypreeminence.com/wp-content/uploads/2019/06/Beby_baby_1280x740-300x173.jpg 300w, https://bebypreeminence.com/wp-content/uploads/2019/06/Beby_baby_1280x740-768x444.jpg 768w, https://bebypreeminence.com/wp-content/uploads/2019/06/Beby_baby_1280x740-1024x592.jpg 1024w" sizes="(max-width: 1280px) 100vw, 1280px" /></p>
</div>
<div class="grid-60 push-20" style="padding-bottom: 50px;"><img decoding="async" loading="lazy" class="aligncenter wp-image-9730 size-full" src="https://bebypreeminence.com/wp-content/uploads/2023/09/separatore-logo-new-bebypreeminence-1.png" alt="" width="1080" height="28" srcset="https://bebypreeminence.com/wp-content/uploads/2023/09/separatore-logo-new-bebypreeminence-1.png 1080w, https://bebypreeminence.com/wp-content/uploads/2023/09/separatore-logo-new-bebypreeminence-1-300x8.png 300w, https://bebypreeminence.com/wp-content/uploads/2023/09/separatore-logo-new-bebypreeminence-1-1024x27.png 1024w, https://bebypreeminence.com/wp-content/uploads/2023/09/separatore-logo-new-bebypreeminence-1-768x20.png 768w" sizes="(max-width: 1080px) 100vw, 1080px" /></div>
<div class="clear"></div>
</div>

<p>BEBY PREEMINENCE Il marchio sinonimo di qualità e prestigio Il brand che racchiude l’essenza della storia, tradizione, esperienza e artigianalità nei settori della luce e dell’arredamento, con particolare attenzione a prestigiosi progetti chiavi in mano. 60 anni di esperienza che si traducono con prodotti di alta qualità realizzati con i materiali più esclusivi: vetro di &#8230; <a title="Marchi di Beby Preeminence" class="read-more" href="https://bebypreeminence.com/it/beby-preeminence-brands/">Read more</a></p>
